 5, 509
Let m(v) = -2*v**3 - 19*v**2 - 19*v. Let o be -2*(1 + 0/4). Let u(c) = -c**3 - 9*c**2 - 9*c. Let x(k) = o*m(k) + 5*u(k). What are the prime factors of x(-6)?
2, 3
Let x(j) = 2379*j**2 + 54*j - 396. What are the prime factors of x(5)?
3, 73, 271
Let x(d) = -3*d + 33. Suppose 70 = 4*i - 4*f + 2, 0 = -2*f. Let y be x(i). What are the prime factors of (-122)/(y/15 + (-1)/(-5))?
2, 61
Let i = -12835 + 33547. What are the prime factors of i?
2, 3, 863
Let g(l) = 3*l**3 - 25*l**2 - 26*l - 12. Suppose 7*t - 3*t - 2*m = 52, 4*m = 4*t - 60. What are the prime factors of g(t)?
2, 5, 67
Let a(h) = -h**3 + 10*h**2 + 6*h + 60. Let g be a(11). Suppose -13*c + 10*c = -y + 281, 0 = g*y + 5*c - 1325. What are the prime factors of y?
269
Suppose -5*c - 2 = -3*c + 2*p, -2*c + p + 13 = 0. What are the prime factors of (-12)/((-1887)/(-474) - c)?
2, 79
Let i(x) = 14*x**2 + x + 1. Let a be i(2). Let t(d) = d**3 - 7*d**2 + 4. Let z be t(7). Suppose -49 - a = -z*l. List the prime factors of l.
3
Suppose -5*l + 20 = 0, 5*s + 4*l - 6763 - 47833 = 0. List the prime factors of s.
2, 2729
Suppose -4*k = -0*k - 112. List the prime factors of (-2)/3*(-7)/(k/204).
2, 17
Let l = 5600 + -3683. List the prime factors of l.
3, 71
Let g = 3096 + -1504. Suppose -3*l - g = -11*l. List the prime factors of l.
199
Suppose 0 = 184*p - 2107308 - 2604750 + 480242. What are the prime factors of p?
109, 211
Suppose -38*v + 5*q = -33*v - 125440, 0 = -v + 4*q + 25112. List the prime factors of v.
2, 3, 5, 11, 19
Let q(o) = -7*o + 98. Let m be q(14). List the prime factors of (-6)/(-1) + 5 + m.
11
Let s(i) = -i**3 - 33*i**2 + 64*i + 135. List the prime factors of s(-38).
3, 547
What are the prime factors of (-181948)/(-104) - ((-20)/8)/(-5)?
3, 11, 53
Let d = 52 + -49. Suppose 3*q - n - 1 = 0, q + d*n = 5*q - 3. Suppose q = c - 2*c + 22. List the prime factors of c.
2, 11
Let t(v) = 3765*v - 876. List the prime factors of t(8).
2, 3, 2437
Let d = -272 - -269. List the prime factors of 6/9 + ((-421)/d - -3).
2, 3
Suppose 176 = -4*a - 4*a. Let g = a - -24. Suppose -5*h - g*h + 567 = 0. List the prime factors of h.
3
Let u(h) = 464*h**2 + 1394*h + 2. Let w be u(-3). Let l(c) = -4 - 23*c + 6*c + 0. What are the prime factors of l(w)?
2
Suppose -416 = -4*r + 3*d, -208 = -2*r + 3*d - 2*d. Let w be 860/(-14) - 356/623. Let f = r + w. What are the prime factors of f?
2, 3, 7
Suppose a - 3351 = 2117. List the prime factors of a.
2, 1367
Let m be 4/(-8)*1*(3 - -7). List the prime factors of m - ((-5 - -2) + -100).
2, 7
Let k(o) = -25*o**3 - 22*o**2 - 204*o - 25. List the prime factors of k(-8).
3, 7, 619
Let o(c) be the second derivative of 3*c**3/2 + 27*c**2/2 + 37*c + 1. Let d be o(8). Let i = d + 208. What are the prime factors of i?
307
Let a = -1889 - -3529. Suppose -60*p = -58*p - a. What are the prime factors of p?
2, 5, 41
Let r(o) = -3*o**2 + 3*o + 6. Let q be r(4). Let f = q - -99. Let m = f + -43. List the prime factors of m.
2, 13
Suppose -4*v = 5*u - 185 - 2498, -4*v - 2*u + 2686 = 0. Suppose 90*m - v = 84*m. What are the prime factors of m?
2, 7
Suppose -x + 4*x = 3*l + 18, -x - 2 = 3*l. Let h be -4 - -2*18/x. Suppose 18 + 12 = h*i. List the prime factors of i.
2, 3
Let l be (1/((-18)/48))/(2/(-3)). Suppose -4*o - j = -29, 2*j = 6*o - l*o - 2. Suppose 825 = o*u + 3. List the prime factors of u.
137
Suppose 2*u - 10 = 7*u. Let z be (1380/18)/(u/(-3)). Suppose -v - p = -4*p - z, -4*v + 484 = -4*p. What are the prime factors of v?
2, 31
Suppose 9*b + 12690 = 11*b - 3066. List the prime factors of b.
2, 3, 13, 101
Let s = -172 + 177. Suppose s*d = m + 2680 - 83, -3*d + 1569 = 3*m. List the prime factors of d.
2, 5, 13
List the prime factors of ((-8)/(-44) - (-445598)/66)*(-40 + 43).
5, 4051
Let l be ((-20)/5 + 14)*408/(-15). Let o be -1*1*1 + 477. Let c = o + l. What are the prime factors of c?
2, 3, 17
What are the prime factors of (3 - (-9310)/3) + (-4)/(-6)?
13, 239
Suppose -4*x + 26 = -2. Suppose -x*t = -3*t - 40. Suppose -15 = -t*j + 1545. What are the prime factors of j?
2, 3, 13
Let l = -2110 - -4309. List the prime factors of l.
3, 733
Let a = 6112 - 1131. What are the prime factors of a?
17, 293
Suppose 2*d = -p + 62, 0 = 6*d - d + 3*p - 153. Suppose d*k - 1670 = 28*k. Suppose -4*a + k = -3*c, 0 = -a - c + 51 + 36. List the prime factors of a.
5, 17
Let q be (9 - 5)/((-2)/1). Let m(b) be the second derivative of -43*b**3/6 + 7*b**2/2 - 26*b. What are the prime factors of m(q)?
3, 31
Let m(o) = -859*o - 334. List the prime factors of m(-3).
2243
Let x = 25348 - 17714. List the prime factors of x.
2, 11, 347
Suppose 3*y - 33362 = p, 11130 = y + 7*p - 6*p. List the prime factors of y.
7, 227
Suppose 3*k + 4*l + 2590 = 0, -4*l = -k - 847 - 27. Let c = 1236 + k. List the prime factors of c.
2, 5, 37
Suppose -78*i = -17*i - 146583. List the prime factors of i.
3, 89
Suppose 2*i - 4*y = -3*i + 52, 17 = i - 3*y. Suppose -96 + 24 = -i*u. List the prime factors of u.
3
Let p be -2 - (0 + 12)*(-17)/34. Suppose -p*n + 2*k + 2658 = 0, 3*n - k = -270 + 2264. What are the prime factors of n?
5, 7, 19
Suppose -1404522 = -23*a - 25*a - 15*a. What are the prime factors of a?
2, 71, 157
Let d = 8282 + -6613. List the prime factors of d.
1669
Suppose 5 = -5*z, 2*y + 4*z + 5 = -7. Let a(x) = -2*x - 5. Let l be a(y). List the prime factors of l - -26*1 - 4.
5
Let a = 1865 + 1673. What are the prime factors of a?
2, 29, 61
Let b = 12 + -10. Let a(z) = 17*z**2 + 5*z - 7. What are the prime factors of a(b)?
71
Let t(l) = 147*l - 1389. What are the prime factors of t(53)?
2, 3, 11, 97
Let v(q) be the first derivative of 7/2*q**2 - 18 + 5*q**3 + 8*q. What are the prime factors of v(-2)?
2, 3
Let i be (2/(-2) + -8)/((-441)/294). Suppose i*r - 182 = 670. List the prime factors of r.
2, 71
Suppose -2*q + 4*z + 564 = 0, -3*q + 835 = -0*q + 5*z. Suppose 488 - 464 = 6*j. Suppose -j*u + 264 = -q. List the prime factors of u.
2, 17
Suppose 4*y + 2*p + 5574 - 50932 = 0, -5*y + 56703 = -3*p. What are the prime factors of y?
2, 3, 5, 7
Let a(n) = -10*n**2 + n. Let g be a(1). What are the prime factors of 237 - g/((-18)/(-10))?
2, 11
Suppose -3*i = -4*g + 96, 4*g - 115 - 13 = -5*i. Let j = -24 + g. Suppose 0 = -4*v - m - j*m + 260, -5*m = -20. List the prime factors of v.
61
Suppose -6 = 3*z - 3*n + 3, 5*n = 25. Suppose -5*v - 1013 - 1499 = -2*b, z*b = -2*v + 2540. What are the prime factors of b?
2, 3, 211
Let f(p) = 2*p**2 - 4*p. Let v be f(2). Suppose v = 11*h + 22 + 11. List the prime factors of h + (264 - 0) + 12/(-3).
257
List the prime factors of (161 - 38)*(-1172)/(-12).
41, 293
Suppose -2*l = -l + 4*n - 219, -4*l = n - 936. Suppose l - 42 = h. What are the prime factors of h?
193
Let o = -22643 - -42000. List the prime factors of o.
13, 1489
Suppose -51*h + 5818 + 4131 = 1636. Let g = 55 + -109. Let f = g + h. List the prime factors of f.
109
Suppose 12 + 52 = 8*r. Let l be -2*(-2)/r*10. What are the prime factors of -4 - ((-4)/(-10) + (-267)/l)?
7
Let h be -4*3*(-10)/24. Suppose 3*r - r + h*i - 23 = 0, 5*i - 25 = 0. What are the prime factors of (r/(1/(-1)))/((-13)/(-1339))?
103
Let n(x) = -6*x**3 - x**2. Let f be n(1). Suppose -168*j + 169*j = -43. Let b = f - j. List the prime factors of b.
2, 3
What are the prime factors of ((-167)/3)/(3/(-4950)*(-15)/(-6))?
2, 5, 11, 167
Suppose 2*m - 63 = -m. Suppose m = s + 3. What are the prime factors of (-6)/(s/(-51))*1?
17
Let p = 7 - 4. Suppose 3*m = p*g - 86 - 124, -165 = -2*g - 3*m. Suppose 2*q - 21 = g. What are the prime factors of q?
2, 3
Let s = -1859 - -2074. List the prime factors of s.
5, 43
Suppose -11*s + 2*l + 1856 = -7*s, -5*s = -l - 2323. What are the prime factors of s/(((-3)/2)/(45/(-30)))?
3, 5, 31
Let d(y) = 4*y + 9. Let g be d(-1). Let w(s) = 12*s**2 + 8*s - 11. What are the prime factors of w(g)?
7, 47
Suppose s + 3*s = 560. Suppose 4*i - s = 4*l, -3*i + 41 = -4*l - 64. Suppose i = -6*o + 209. What are the prime factors of o?
29
Let a(n) = 13*n + 3. Let h be a(-4). Let l = h + 46. Let k(m) = m**3 + 3*m**2 - 3*m. What are the prime factors of k(l)?
3
Let s be 3/(-2)*((-20)/(-3))/(-2). List the prime factors of (11 - s)/(2 - 4) - -129.
2, 3, 7
Let v be (-11696)/(-17) + -11 - -10. Let t(o) = o**2 + 2*o - 4. Let b be t(-4). Suppose 4*s = 5